ate v(-22).
-54
Let g(o) = 37*o - 71. Calculate g(3).
40
Let g(p) = -136*p + 8974. Give g(66).
-2
Let v(b) = b**2 - 125*b + 3556. Determine v(44).
-8
Let h(s) = -2*s**2 + 5*s + 198. What is h(10)?
48
Let y(k) = -3*k**3 - 17*k**2 + 6*k + 9. Calculate y(-6).
9
Let g(i) = -14*i - 14. Determine g(-6).
70
Let t(f) = -2*f**3 + 74*f**2 + 80*f - 156. What is t(38)?
-4
Let q(n) = -n**2 - 40*n + 2719. What is q(36)?
-17
Let o(c) = -c**2 + 19*c + 189. Determine o(-7).
7
Let n(v) = 100*v**2 + v + 4. Determine n(-2).
402
Let s(l) = -l**2 - 42*l - 141. Calculate s(-33).
156
Let w(b) = -4*b**2 + 5*b + 382. Give w(-12).
-254
Let s(u) = -u**3 + 3*u**2 - 4*u + 3. Give s(4).
-29
Let q(p) = 296*p + 10646. What is q(-36)?
-10
Let g(i) = -235*i + 8922. What is g(38)?
-8
Let s(j) = 2*j**3 + 3*j**2 + 220*j + 436. Give s(-2).
-8
Let a(d) = -20*d + 564. What is a(35)?
-136
Let f(x) = 2*x**3 - 20*x**2 + 14*x + 40. Determine f(9).
4
Let z(m) = 562*m**2 - 2239*m - 15. Give z(4).
21
Let w(t) = -t**3 - 23*t**2 - 53*t + 140. Give w(-20).
0
Let u(o) = -6*o**3 + 389*o**2 + 78*o - 846. Determine u(65).
-1
Let j(m) = m**2 - 14*m - 5. Give j(-5).
90
Let r(t) = 6*t**2 - 634*t - 216. Calculate r(106).
-4
Let h(d) = -101*d**2 - 2*d - 5. Give h(-1).
-104
Let f(d) = d**3 + 21*d**2 - 229*d - 18. Determine f(8).
6
Let z(f) = -f**3 - 28*f**2 - 77*f + 80. What is z(-4)?
4
Let m(c) = 133*c + 4829. Determine m(-36).
41
Let s(u) = 14*u**2 - 8*u - 5. What is s(-1)?
17
Let c(a) = 174*a + 5038. Determine c(-29).
-8
Let g(a) = 150*a + 879. Calculate g(-6).
-21
Let m(l) = 12*l + 746. Determine m(-62).
2
Let b(r) = -12*r + 32. Determine b(0).
32
Let j(w) = 135*w + 8101. Determine j(-60).
1
Let v(i) = -5*i**2 + 35*i - 16. Give v(6).
14
Let d(q) = -q**3 + 6*q**2 + 40*q - 224. Determine d(7).
7
Let v(u) = -2*u**2 + 12*u - 9. Determine v(5).
1
Let i(t) = 3*t**2 + 15*t + 11. What is i(-5)?
11
Let d(b) = -3*b**2 + b + 5. Give d(-5).
-75
Let g(s) = 11*s**2 + 423*s - 213. Give g(-39).
21
Let w(g) = -146*g - 127. What is w(-1)?
19
Let g(u) = u**3 - 13*u**2 - 33*u + 514. Give g(13).
85
Let g(x) = -x**2 - 1744*x - 36180. Give g(-21).
3
Let a(o) = 178*o**2 - 76*o + 74. Determine a(1).
176
Let n(l) = -l**3 - 23*l**2 + 33*l + 206. Give n(-24).
-10
Let p(r) = -384*r**2 + 45*r - 53. Calculate p(1).
-392
Let y(i) = 2*i**2 + 2*i + 64. Determine y(0).
64
Let v(w) = -1269*w + 45684. Calculate v(36).
0
Let l(f) = -5*f**2 + 827*f + 16501. What is l(-18)?
-5
Let a(u) = -6*u**3 - 7*u**2 - 12*u - 30. Give a(-4).
290
Let w(j) = 44*j + 2327. What is w(-53)?
-5
Let w(x) = -x**2 - 54*x - 519. Give w(-41).
14
Let y(f) = -14*f**2 + 32*f + 6. What is y(2)?
14
Let g(h) = -6*h**3 + 149*h**2 + 23*h + 56. Calculate g(25).
6
Let r(n) = 6*n**2 - 66*n + 122. Give r(12).
194
Let q(s) = 2*s**3 + 50*s**2 - 2*s - 57. What is q(-25)?
-7
Let c(x) = 516*x - 12747. Calculate c(25).
153
Let p(t) = t**3 - 15*t**2 + 27*t - 9. What is p(4)?
-77
Let m(j) = 2*j**2 - 17*j + 103. Give m(7).
82
Let i(o) = o**3 - 47*o**2 + 212*o - 99. Calculate i(42).
-15
Let u(g) = -216*g - 8864. Calculate u(-41).
-8
Let o(x) = 46*x + 446. Determine o(-11).
-60
Let a(n) = n - 18. Determine a(39).
21
Let u(p) = 2*p**3 - 65*p**2 - 272*p + 51. What is u(-4)?
-29
Let p(u) = u**3 + 9*u**2 - 17*u - 33. What is p(-10)?
37
Let z(q) = 83*q + 501. What is z(-6)?
3
Let l(d) = d**3 + 88*d**2 - 471*d - 216. Give l(-93).
342
Let x(p) = 2*p**3 - 38*p**2 - 12*p + 227. Give x(19).
-1
Let l(g) = 54*g - 3417. Calculate l(63).
-15
Let i(l) = 8*l + 612. Determine i(-77).
-4
Let m(r) = 5*r**2 - 25*r - 43. Calculate m(7).
27
Let j(u) = -u**2 - 22*u + 10. Give j(-21).
31
Let s(d) = 492*d - 42800. Calculate s(87).
4
Let y(j) = -2*j**2 - 14*j + 147. What is y(-9)?
111
Let z(b) = -213*b**2 - 2*b + 2. What is z(-1)?
-209
Let x(v) = v**3 - 21*v**2 - 416*v + 8621. Give x(19).
-5
Let p(l) = -l**2 + 51*l - 379. Give p(37).
139
Let i(h) = 216*h + 12752. Determine i(-59).
8
Let n(i) = 85*i + 685. Determine n(-8).
5
Let n(s) = -11*s**2 - 284*s + 51. Calculate n(-26).
-1
Let y(z) = -59*z**2 - 98*z - 186. Determine y(-2).
-226
Let o(n) = n**2 - 57*n - 1734. Give o(79).
4
Let n(a) = 2*a**2 + 214*a - 3953. What is n(-123)?
-17
Let j(a) = -2*a**3 + 29*a**2 + 15*a + 44. What is j(15)?
44
Let m(o) = 198*o - 920. Calculate m(4).
-128
Let q(d) = 71*d**2 + 409*d - 92. Determine q(-6).
10
Let y(l) = 254*l + 1501. Calculate y(-6).
-23
Let p(w) = -33*w + 2169. Give p(65).
24
Let j(v) = -15*v + 118. Calculate j(10).
-32
Let a(b) = b**3 - 8*b**2 - 17*b + 19. Calculate a(9).
-53
Let k(n) = -17*n**2 + 1524*n - 1523. Determine k(1).
-16
Let g(r) = r**2 - 169*r - 1217. Calculate g(176).
15
Let w(r) = -r**3 - 4*r**2 + 15*r - 10. Give w(-7).
32
Let g(m) = -m**2 + 334*m - 2313. Calculate g(7).
-24
Let x(o) = 14*o - 432. Determine x(31).
2
Let l(j) = -j**3 - 12*j**2 - 9*j + 7. What is l(-12)?
115
Let a(g) = -g**3 - 124*g**2 + 2400*g - 70. Give a(17).
-19
Let u(v) = -v**3 + 103*v**2 + 320*v - 127. What is u(106)?
85
Let s(x) = 478*x**2 + 2. What is s(-1)?
480
Let z(q) = 416*q + 1724. What is z(-4)?
60
Let d(a) = a**2 - 40*a + 201. Calculate d(10).
-99
Let g(c) = c**3 - 115*c**2 + 955*c - 1. Give g(9).
8
Let k(m) = m**3 - m**2 + 63*m - 303. Determine k(4).
-3
Let b(q) = -30*q + 38. Determine b(-10).
338
Let n(x) = -314*x + 8154. Give n(26).
-10
Let q(c) = -3*c**2 - 5*c + 5. Calculate q(-8).
-147
Let b(o) = -2*o**3 - 22*o**2 + 20*o - 159. Determine b(-12).
-111
Let g(f) = -25*f + 939. Determine g(37).
14
Let x(n) = 350*n**2 - 2461*n + 2. Give x(7).
-75
Let l(m) = 2*m**2 - 172*m + 3683. What is l(44)?
-13
Let l(a) = -a**3 + 46*a**2 - 361*a + 81. Determine l(36).
45
Let j(s) = -s**3 - 3*s**2 - 6*s - 148. Determine j(-6).
-4
Let q(k) = 63*k**2 - 63*k + 17. What is q(4)?
773
Let s(k) = -k**2 - 178*k + 1893. Determine s(10).
13
Let u(x) = 163*x - 606. Give u(5).
209
Let j(z) = -4*z**3 + 407*z**2 - 700*z + 16. Give j(100).
16
Let s(v) = 10*v**2 + 39*v + 149. Determine s(-4).
153
Let k(m) = 40*m - 6056. What is k(151)?
-16
Let c(i) = -276*i + 2285. Calculate c(8).
77
Let r(g) = g**3 - 15*g**2 - 72*g - 115. Determine r(19).
-39
Let d(u) = -2*u**2 + 4*u + 287. Determine d(0).
287
Let i(l) = -l**3 + 39*l**2 - 79*l - 131. Determine i(37).
-316
Let o(d) = -10*d**2 - 251*d - 21. What is o(-25)?
4
Let p(z) = 9*z**3 - 2*z**2 + 3*z + 4. Determine p(-3).
-266
Let n(j) = 2*j**3 - 9*j**2 + 7*j - 16. Calculate n(5).
44
Let l(d) = -d**3 + 23*d**2 - 46*d + 43. Calculate l(21).
-41
Let t(p) = 90*p + 5604. Give t(-60).
204
Let u(d) = 2*d**3 - 40*d**2 + 2*d + 117. Give u(20).
157
Let q(t) = -1356*t - 107118. What is q(-79)?
6
Let x(a) = -a**3 + 9*a**2 + 12*a - 23. Determine x(10).
-3
Let v(m) = 98*m - 894. Give v(10).
86
Let v(b) = -5*b**2 + 180*b + 364. Calculate v(-2).
-16
Let b(w) = w**2 - w - 16. Calculate b(-6).
26
Let m(x) = 21*x**3 - 123*x**2 - 28*x + 58. What is m(6)?
-2
Let h(d) = 44*d**2 + 1090*d - 21. What is h(-25)?
229
Let c(p) = 3*p**2 - 88*p - 2. What is c(30)?
58
Let i(h) = h**2 - 54*h - 177. Calculate i(57).
-6
Let c(p) = -p**3 - 9*p**2 - 31*p - 32. What is c(-7)?
87
Let q(o) = 2*o**2 - 15*o + 42. What is q(10)?
92
Let i(h) = 85*h - 7223. Determine i(85).
2
Let i(u) = -2*u**3 + 34*u**2 - 30*u + 15. Determine i(16).
47
Let q(t) = -2*t**3 + 23*t**2 + 9*t + 23. What is q(12)?
-13
Let n(h) = h**3 + 7*h**2 + 34*h + 457. Give n(-9).
-11
Let n(r) = -r**3 - 2*r**2 + 56*r - 54. Calculate n(6).
-6
Let r(o) = o**3 + 4*o**2 - 13*o + 15. What is r(-7)?
-41
Let y(l) = -154*l - 143. Determine y(-1).
11
Let f(o) = 16*o**2 + 21*o - 39. Give f(-8).
817
Let t(q) = 2*q**3 - 33*q**2 + 3*q + 146. Give t(16).
-62
Let p(m) = m**2 - 18*m + 3. Calculate p(15).
-42
Let f(g) = -g**3 - 4*g**2 + 133*g + 399. Give f(-3).
-9
Let j(b) = -59*b + 1515. Calculate j(32).
-373
Let t(i) = 201*i - 4448. Determine t(22).
-26
Let y(q) = -q**3 + 8*q**2 + 19*q - 203. What is y(7)?
-21
Let v(q) = 2*q**3 - 6*q**2 + 53*q - 188. Determine v(4).
56
Let x(b) = b**2 - 56*b - 993. Give x(-14).
-13
Let b(o) = -62*o + 33. Determine b(6).
-339
Let y(g) = 2*g**2 - 38*g - 324. Give y(25).
-24
Let o(j) = 16*j**2 - 58*j - 106. What is o(5)?
4
Let m(q) = q**2 - 68*q + 1150. Give m(36).
-2
Let c(m) = 1448*m - 14505. Give c(10).
-25
Let u(t) = 2*t**3 - 11*t**2 - 11*t + 52. Calculate u(9).
520